alculate i(0).
-15
Let d(p) = 458*p**3 - 61829*p**2 - 120*p - 2030. Determine d(135).
-5
Let o(m) = 2*m**3 + 3*m**2 + 740*m + 2967. Determine o(-4).
-73
Let h(k) = -2*k**2 + 2889*k + 25785. What is h(-9)?
-378
Let p(b) = -18*b**3 + b**2 + 316*b - 312. Determine p(1).
-13
Let x(t) = t**2 - 74*t - 523. What is x(62)?
-1267
Let h(i) = -4618*i - 392667. Determine h(-85).
-137
Let q(j) = -55*j**2 - 610*j + 89. What is q(-12)?
-511
Let o(j) = -962*j**2 - 18325*j - 885. Give o(-19).
8
Let j(w) = 838*w + 335178. What is j(-400)?
-22
Let z(b) = 700*b - 22273. Determine z(32).
127
Let y(s) = -3*s**3 + 36*s**2 - 132*s + 1446. Give y(13).
-777
Let r(a) = 3059*a + 45911. What is r(-15)?
26
Let i(m) = -6583*m + 65763. Give i(10).
-67
Let w(s) = 43*s**3 - 986*s**2 - 19*s - 853. What is w(23)?
297
Let k(n) = -n**2 + 193*n - 3286. Give k(19).
20
Let n(s) = -29*s**2 - 52*s + 82. What is n(5)?
-903
Let j(v) = -2443*v + 58741. Calculate j(24).
109
Let v(m) = 10*m**2 + 115*m + 34. Give v(-18).
1204
Let s(q) = -2324*q - 23248. Calculate s(-10).
-8
Let a(u) = 241*u**2 - 19766*u + 87. Determine a(82).
-241
Let z(i) = i**2 - 42*i + 968. What is z(35)?
723
Let v(s) = -1709*s - 1376. Calculate v(-1).
333
Let u(y) = -1423*y - 24242. Give u(-17).
-51
Let s(v) = 5*v**2 + 528*v - 5375. Give s(-115).
30
Let g(f) = -12*f**2 + 36*f + 16. What is g(0)?
16
Let x(j) = -13*j**2 - 782*j - 223. Calculate x(-60).
-103
Let a(s) = 22251*s + 111266. Give a(-5).
11
Let d(o) = 1387*o + 44779. Give d(-32).
395
Let t(j) = 52*j**2 - 283*j + 23. Determine t(5).
-92
Let c(k) = 10*k**2 + 30164*k + 300652. Give c(-10).
12
Let j(g) = -g**3 - 201*g**2 - 9059*g - 20080. Calculate j(-135).
35
Let f(c) = -c**3 + 383*c**2 - 2623*c - 3400. Give f(376).
-16
Let g(c) = -c**3 - 8*c**2 - 132783*c - 1062202. What is g(-8)?
62
Let g(f) = -2167*f + 43686. Determine g(20).
346
Let p(s) = 9*s**3 - 105*s**2 + 549*s - 2306. What is p(8)?
-26
Let r(x) = 26078*x - 104310. What is r(4)?
2
Let b(v) = 452*v + 1017. Give b(-3).
-339
Let p(s) = s**2 + 10290*s + 71977. What is p(-7)?
-4
Let c(y) = y**2 + 10840*y + 442764. Give c(-41).
5
Let g(m) = m**3 + 2135*m**2 + 17023*m - 7. Determine g(-8).
-63
Let r(k) = 40*k**3 + 1963*k**2 + 189*k + 2088. Calculate r(-49).
30
Let s(m) = -3030*m + 45442. Determine s(15).
-8
Let k(j) = -24*j**2 + 67*j - 52. Calculate k(6).
-514
Let u(w) = w**2 - 1192*w + 115970. Determine u(107).
-125
Let m(p) = -2*p**3 + 27*p**2 - 34*p - 343. Give m(10).
17
Let h(k) = 447*k**2 + 17*k + 4. Calculate h(-1).
434
Let l(s) = 46501*s + 4882612. Calculate l(-105).
7
Let a(n) = n**3 + 322*n**2 + 3740*n + 24. Give a(-12).
-216
Let a(f) = -58967*f - 353903. Calculate a(-6).
-101
Let h(c) = -c**3 - 9*c**2 - 222*c - 1659. Give h(-7).
-203
Let a(r) = -686*r**2 - 17819*r + 397. What is a(-26)?
-45
Let n(i) = 1773*i + 187941. Give n(-106).
3
Let s(h) = 3*h**3 - 23*h**2 + 60*h - 545. What is s(9)?
319
Let p(w) = -12*w**2 + 989*w + 1565. Determine p(84).
-31
Let x(g) = 828*g - 81869. Determine x(99).
103
Let n(i) = i**3 - 23*i**2 + 14331*i - 359537. Determine n(25).
-12
Let j(b) = 99*b - 13312. Determine j(132).
-244
Let o(q) = 2726*q - 359166. Calculate o(132).
666
Let r(u) = 14*u**2 + 494*u - 260878. Determine r(120).
2
Let x(f) = 184068*f - 2576947. What is x(14)?
5
Let h(t) = -91973*t + 367966. Calculate h(4).
74
Let p(b) = -b**2 - 635*b - 45319. Determine p(-82).
27
Let s(c) = -c**3 + 291*c**2 - 6177*c + 3526. What is s(268)?
42
Let u(k) = -k**3 - 146*k**2 + 187*k + 5813. Calculate u(-147).
-67
Let w(z) = -495*z - 8363. Determine w(-20).
1537
Let a(z) = 2*z**3 + 14*z**2 - 126759*z + 759612. Give a(6).
-6
Let q(i) = i**2 + 3203*i - 70977. Determine q(22).
-27
Let o(c) = -7058*c + 63761. What is o(9)?
239
Let n(t) = -2*t**3 + 93*t**2 - 694*t - 376. Calculate n(37).
-43
Let f(x) = x**3 - 195*x**2 + 372*x + 3680. Determine f(193).
978
Let r(n) = 3*n**2 + 68*n + 66. Determine r(-7).
-263
Let n(u) = u**3 - 167*u**2 + 191*u - 4208. Calculate n(166).
-58
Let u(y) = -1162*y + 21972. Give u(19).
-106
Let f(l) = 37891*l - 37721. What is f(1)?
170
Let o(c) = -616*c**3 + 137983*c**2 + 224*c + 2. What is o(224)?
2
Let v(d) = -2*d**3 + 14*d**2 - 148*d + 1673. Calculate v(9).
17
Let l(b) = 21*b**2 - 157*b + 45. Calculate l(11).
859
Let y(l) = l**3 + 10*l**2 + 332*l - 1556. Calculate y(4).
-4
Let i(x) = -53*x**2 + 16*x - 38. Calculate i(2).
-218
Let j(s) = 7*s**3 + 85*s**2 - 295*s + 246. Give j(2).
52
Let q(k) = k**3 + 2*k**2 - 197*k + 1192. Determine q(7).
254
Let v(d) = 5571*d + 189414. Give v(-34).
0
Let a(d) = -36*d**2 + 326*d - 685. Determine a(5).
45
Let h(k) = k**3 - 24*k**2 - 108*k + 2110. Determine h(14).
-1362
Let t(a) = 2743*a + 72684. What is t(-27)?
-1377
Let f(u) = 164*u - 4401. Determine f(23).
-629
Let l(z) = 4*z**2 - 78*z - 403. Give l(-5).
87
Let c(u) = 163*u**3 + 16*u**2 - 52*u + 39. Give c(2).
1303
Let k(q) = 7736*q**2 + 38696*q + 76. Determine k(-5).
-4
Let x(f) = f**3 - 12*f**2 + 415*f - 11500. Give x(20).
0
Let q(f) = 10*f**2 - 49*f - 1951. Calculate q(-11).
-202
Let c(l) = -9*l**2 - 260*l - 1849. What is c(-17)?
-30
Let q(s) = s**2 + 106*s - 1301. Calculate q(11).
-14
Let h(z) = -6*z**2 + 176*z + 353. Determine h(-2).
-23
Let c(f) = 4*f**3 + 254*f**2 + 129*f + 164. What is c(-63)?
-25
Let g(d) = 133*d**2 + d + 100. What is g(0)?
100
Let y(w) = w**3 + 481*w**2 + 2350*w - 13533. Calculate y(-476).
747
Let f(m) = -1318*m - 30837. Determine f(-23).
-523
Let c(s) = -469*s - 10802. Give c(-24).
454
Let c(z) = -3095*z + 18536. Give c(6).
-34
Let z(q) = -q**3 + 168*q**2 - 7054*q - 96. Determine z(85).
-11
Let f(v) = -5*v**3 - 45*v**2 + 12*v - 4. Calculate f(-9).
-112
Let f(c) = 56990*c - 2564551. Determine f(45).
-1
Let g(x) = -1777*x + 21302. Give g(12).
-22
Let z(p) = 18*p**2 - 678*p - 122. Calculate z(38).
106
Let v(k) = -3*k**2 - 3165*k - 19031. What is v(-6)?
-149
Let p(r) = -1446*r + 50201. Calculate p(37).
-3301
Let m(v) = -42933*v - 472245. Determine m(-11).
18
Let w(o) = 3*o**3 - 71*o**2 + 81*o - 33. Give w(23).
772
Let s(h) = 3*h**3 - 475*h**2 + 626*h + 648. Determine s(157).
334
Let d(t) = 137*t + 3935. Give d(-27).
236
Let s(y) = -y**2 + 13343*y + 414588. Calculate s(-31).
-6
Let q(l) = 53*l**2 + 23*l - 79. What is q(4)?
861
Let v(l) = 6*l**2 + 2691*l - 22984. Give v(-456).
-2464
Let j(q) = q**2 + 47895*q - 1198062. Give j(25).
-62
Let o(t) = t**2 + 22*t - 392. Give o(-29).
-189
Let d(u) = 932037*u - 6524244. Determine d(7).
15
Let g(v) = -3265708*v - 6531407. Give g(-2).
9
Let o(t) = 54*t - 578. Determine o(15).
232
Let h(l) = -36*l**2 + 1195*l - 69. Determine h(34).
-1055
Let j(s) = 146298*s + 2779767. Give j(-19).
105
Let m(y) = -251362*y + 23376656. Determine m(93).
-10
Let i(w) = -648*w + 7692. Determine i(12).
-84
Let a(m) = m**3 - 123*m**2 + 517*m - 89. Determine a(4).
75
Let v(y) = -1252*y - 26303. What is v(-21)?
-11
Let k(j) = -257*j - 8117. Calculate k(-33).
364
Let h(j) = -197*j - 1585. Calculate h(-15).
1370
Let s(i) = 2*i**3 - 13*i**2 + 142*i - 1000. Give s(7).
43
Let m(g) = g**3 + 73*g**2 + 133*g - 391. What is m(-71)?
248
Let n(r) = -14*r**3 + 14991*r**2 + 33263*r - 11. Determine n(1073).
-11
Let o(r) = 2*r**2 - 8557*r + 144888. Give o(17).
-3
Let u(m) = -3431*m - 10269. Determine u(-3).
24
Let c(f) = 3*f**2 + 150*f + 2195. Give c(-24).
323
Let j(c) = -c**3 + 71*c**2 - 763*c + 54129. Determine j(71).
-44
Let v(t) = 5041*t - 912419. Determine v(181).
2
Let f(n) = 13*n**3 + 38*n**2 - 9*n - 15. What is f(-2)?
51
Let v(g) = -2*g**2 + 86*g - 139. What is v(41)?
25
Let y(v) = -v**3 - 18*v**2 + 688*v + 11548. Calculate y(-16).
28
Let p(c) = -216972*c + 3688530. What is p(17)?
6
Let f(c) = 15*c**2 - 744*c - 289. Calculate f(50).
11
Let l(u) = 3*u**3 + 1177*u**2 - 8006*u - 10386. Give l(-399).
-12
Let d(t) = -9674*t - 1557517. What is d(-161)?
-3
Let m(f) = 11*f**3 - 31*f**2 - 87*f - 166. Calculate m(5).
-1
Let x(s) = -4*s**2 + 550*s - 6755. Determine x(124).
-59
Let z(h) = -28190*h + 1945141. What is z(69)?
31
Let a(f) = -14*f**2 + 136*f + 768. Give a(-4).
0
Let l(x) = -12*x**2 + 26*x - 3. Determine l(7).
-409
Let p(b) = -8*b**2 - 1019*b + 658. Determine p(0).
658
Let z(j) = -64*j**3 + 312*j**2 + 455*j + 11. Calculate z(6).
149
Let q(a) = 48*a**3 - 191*a**2 + 3*a - 38. Give q(4).
-10
Le